{"id":1300,"date":"2025-05-23T10:00:46","date_gmt":"2025-05-23T10:00:46","guid":{"rendered":"https:\/\/diennisoft.com\/?post_type=product&#038;p=1300"},"modified":"2025-05-26T11:22:00","modified_gmt":"2025-05-26T11:22:00","slug":"prestij","status":"publish","type":"product","link":"https:\/\/diennisoft.com\/?product=prestij","title":{"rendered":"PREST\u0130J"},"content":{"rendered":"<p>G\u00fcn\u00fcn yorgunlu\u011funu hafifleterek bulutlar\u0131n \u00fczerinde bir uyku deneyimi ya\u015famak isteyenler i\u00e7in tasarlanan Prestij ,<\/p>\n<p>Pocket Yay Teknolojisi sayesinde v\u00fccut a\u011f\u0131rl\u0131\u011f\u0131n\u0131z\u0131n yata\u011fa e\u015fit \u015fekilde da\u011f\u0131lmas\u0131n\u0131 sa\u011flayarak, v\u00fccut bas\u0131n\u00e7 \u00a0noktas\u0131na uyum sa\u011flayan yap\u0131s\u0131yla kaliteli bir uyku deneyimi ya\u015faman\u0131za olanak sa\u011flar.<\/p>\n","protected":false},"excerpt":{"rendered":"<p>G\u00fcn\u00fcn yorgunlu\u011funu hafifleterek bulutlar\u0131n \u00fczerinde bir uyku deneyimi ya\u015famak isteyenler i\u00e7in tasarlanan Prestij , Pocket Yay Teknolojisi sayesinde v\u00fccut a\u011f\u0131rl\u0131\u011f\u0131n\u0131z\u0131n<\/p>\n","protected":false},"featured_media":1321,"comment_status":"open","ping_status":"closed","template":"","meta":[],"product_brand":[73],"product_cat":[71],"product_tag":[132,131],"class_list":{"0":"post-1300","1":"product","2":"type-product","3":"status-publish","4":"has-post-thumbnail","6":"product_brand-dienni","7":"product_cat-uyku-seti","8":"product_tag-prestij","9":"product_tag-uyku-seti","11":"first","12":"instock","13":"shipping-taxable","14":"product-type-simple"},"_links":{"self":[{"href":"https:\/\/diennisoft.com\/index.php?rest_route=\/wp\/v2\/product\/1300","targetHints":{"allow":["GET"]}}],"collection":[{"href":"https:\/\/diennisoft.com\/index.php?rest_route=\/wp\/v2\/product"}],"about":[{"href":"https:\/\/diennisoft.com\/index.php?rest_route=\/wp\/v2\/types\/product"}],"replies":[{"embeddable":true,"href":"https:\/\/diennisoft.com\/index.php?rest_route=%2Fwp%2Fv2%2Fcomments&post=1300"}],"wp:featuredmedia":[{"embeddable":true,"href":"https:\/\/diennisoft.com\/index.php?rest_route=\/wp\/v2\/media\/1321"}],"wp:attachment":[{"href":"https:\/\/diennisoft.com\/index.php?rest_route=%2Fwp%2Fv2%2Fmedia&parent=1300"}],"wp:term":[{"taxonomy":"product_brand","embeddable":true,"href":"https:\/\/diennisoft.com\/index.php?rest_route=%2Fwp%2Fv2%2Fproduct_brand&post=1300"},{"taxonomy":"product_cat","embeddable":true,"href":"https:\/\/diennisoft.com\/index.php?rest_route=%2Fwp%2Fv2%2Fproduct_cat&post=1300"},{"taxonomy":"product_tag","embeddable":true,"href":"https:\/\/diennisoft.com\/index.php?rest_route=%2Fwp%2Fv2%2Fproduct_tag&post=1300"}],"curies":[{"name":"wp","href":"https:\/\/api.w.org\/{rel}","templated":true}]}}