{"id":1307,"date":"2025-05-23T10:22:02","date_gmt":"2025-05-23T10:22:02","guid":{"rendered":"https:\/\/diennisoft.com\/?post_type=product&#038;p=1307"},"modified":"2025-05-26T11:14:30","modified_gmt":"2025-05-26T11:14:30","slug":"nova-2","status":"publish","type":"product","link":"https:\/\/diennisoft.com\/?product=nova-2","title":{"rendered":"NOVA"},"content":{"rendered":"<p>Detaylarda hayat bulan , y\u00fcksek kalite ve konforuyla \u00f6ne \u00e7\u0131kan Nova&#8217;n\u0131n detaylar\u0131 , kusursuz el i\u015f\u00e7ili\u011fi ile haz\u0131rlanarak, modern ve klasik tasar\u0131m anlay\u0131\u015f\u0131n\u0131 yatak odan\u0131za ta\u015f\u0131r.<\/p>\n","protected":false},"excerpt":{"rendered":"<p>Detaylarda hayat bulan , y\u00fcksek kalite ve konforuyla \u00f6ne \u00e7\u0131kan Nova&#8217;n\u0131n detaylar\u0131 , kusursuz el i\u015f\u00e7ili\u011fi ile haz\u0131rlanarak, modern ve<\/p>\n","protected":false},"featured_media":1314,"comment_status":"open","ping_status":"closed","template":"","meta":[],"product_brand":[73],"product_cat":[71],"product_tag":[92,131],"class_list":{"0":"post-1307","1":"product","2":"type-product","3":"status-publish","4":"has-post-thumbnail","6":"product_brand-dienni","7":"product_cat-uyku-seti","8":"product_tag-nova","9":"product_tag-uyku-seti","11":"first","12":"instock","13":"shipping-taxable","14":"product-type-simple"},"_links":{"self":[{"href":"https:\/\/diennisoft.com\/index.php?rest_route=\/wp\/v2\/product\/1307","targetHints":{"allow":["GET"]}}],"collection":[{"href":"https:\/\/diennisoft.com\/index.php?rest_route=\/wp\/v2\/product"}],"about":[{"href":"https:\/\/diennisoft.com\/index.php?rest_route=\/wp\/v2\/types\/product"}],"replies":[{"embeddable":true,"href":"https:\/\/diennisoft.com\/index.php?rest_route=%2Fwp%2Fv2%2Fcomments&post=1307"}],"wp:featuredmedia":[{"embeddable":true,"href":"https:\/\/diennisoft.com\/index.php?rest_route=\/wp\/v2\/media\/1314"}],"wp:attachment":[{"href":"https:\/\/diennisoft.com\/index.php?rest_route=%2Fwp%2Fv2%2Fmedia&parent=1307"}],"wp:term":[{"taxonomy":"product_brand","embeddable":true,"href":"https:\/\/diennisoft.com\/index.php?rest_route=%2Fwp%2Fv2%2Fproduct_brand&post=1307"},{"taxonomy":"product_cat","embeddable":true,"href":"https:\/\/diennisoft.com\/index.php?rest_route=%2Fwp%2Fv2%2Fproduct_cat&post=1307"},{"taxonomy":"product_tag","embeddable":true,"href":"https:\/\/diennisoft.com\/index.php?rest_route=%2Fwp%2Fv2%2Fproduct_tag&post=1307"}],"curies":[{"name":"wp","href":"https:\/\/api.w.org\/{rel}","templated":true}]}}